{"id":7821,"date":"2024-02-29T17:35:51","date_gmt":"2024-02-29T16:35:51","guid":{"rendered":"https:\/\/www.fitchef.fr\/?post_type=product&#038;p=7821"},"modified":"2025-09-30T15:56:26","modified_gmt":"2025-09-30T13:56:26","slug":"pop-corn-proteines","status":"publish","type":"product","link":"https:\/\/www.fitchef.fr\/index.php\/produit\/pop-corn-proteines\/","title":{"rendered":"Pop Corn Prot\u00e9in\u00e9"},"content":{"rendered":"<p><strong style=\"font-style: italic;\">Ingr\u00e9dients<\/strong><i> : ma\u00efs, saveur caramel, whey protein<\/i><br \/>\n<strong style=\"font-style: italic;\">Conservation<\/strong><i> : plusieurs\u00a0semaines\u00a0dans un emballage ferm\u00e9<\/i><\/p>\n<p>&nbsp;<\/p>\n<p><strong><em>Sachet de 85g de pop corn<\/em><\/strong><\/p>\n","protected":false},"excerpt":{"rendered":"<p>Le snack sain et prot\u00e9in\u00e9 qui va vous sauver des fringales<\/p>\n<p>Que ce soit \u00e0 la maison, au cin\u00e9 ou au bureau ne partez plus sans vos pop corn prot\u00e9in\u00e9s<\/p>\n<p>Ils sont \u00e9clat\u00e9s \u00e0 l&rsquo;air, sans huile et sans sucre.<\/p>\n<p>Aromatis\u00e9s avec un bon gout fit caramel.<\/p>\n<p>Pensez \u00e0 bien secouer avant de d\u00e9guster<\/p>\n<p>( le packaging est a titre d&rsquo;illustration il reste \u00e0 d\u00e9finir)<\/p>\n","protected":false},"featured_media":7826,"comment_status":"open","ping_status":"closed","template":"","meta":[],"product_brand":[],"product_cat":[49],"product_tag":[],"class_list":{"0":"post-7821","1":"product","2":"type-product","3":"status-publish","4":"has-post-thumbnail","6":"product_cat-snacks","7":"product_shipping_class-produits-non-fragile","9":"first","10":"instock","11":"taxable","12":"shipping-taxable","13":"purchasable","14":"product-type-simple"},"jetpack_sharing_enabled":true,"_links":{"self":[{"href":"https:\/\/www.fitchef.fr\/index.php\/wp-json\/wp\/v2\/product\/7821","targetHints":{"allow":["GET"]}}],"collection":[{"href":"https:\/\/www.fitchef.fr\/index.php\/wp-json\/wp\/v2\/product"}],"about":[{"href":"https:\/\/www.fitchef.fr\/index.php\/wp-json\/wp\/v2\/types\/product"}],"replies":[{"embeddable":true,"href":"https:\/\/www.fitchef.fr\/index.php\/wp-json\/wp\/v2\/comments?post=7821"}],"wp:featuredmedia":[{"embeddable":true,"href":"https:\/\/www.fitchef.fr\/index.php\/wp-json\/wp\/v2\/media\/7826"}],"wp:attachment":[{"href":"https:\/\/www.fitchef.fr\/index.php\/wp-json\/wp\/v2\/media?parent=7821"}],"wp:term":[{"taxonomy":"product_brand","embeddable":true,"href":"https:\/\/www.fitchef.fr\/index.php\/wp-json\/wp\/v2\/product_brand?post=7821"},{"taxonomy":"product_cat","embeddable":true,"href":"https:\/\/www.fitchef.fr\/index.php\/wp-json\/wp\/v2\/product_cat?post=7821"},{"taxonomy":"product_tag","embeddable":true,"href":"https:\/\/www.fitchef.fr\/index.php\/wp-json\/wp\/v2\/product_tag?post=7821"}],"curies":[{"name":"wp","href":"https:\/\/api.w.org\/{rel}","templated":true}]}}